llions digit of 2086852?
2
What is the thousands digit of 3786632?
6
What is the ten thousands digit of 2677541?
7
What is the thousands digit of 7690032?
0
What is the thousands digit of 553941?
3
What is the hundreds digit of 1818957?
9
What is the millions digit of 1513985?
1
What is the units digit of 18239?
9
What is the millions digit of 1486182?
1
What is the tens digit of 8197300?
0
What is the tens digit of 450607?
0
What is the units digit of 13569756?
6
What is the thousands digit of 42875?
2
What is the units digit of 288066?
6
What is the hundreds digit of 566005?
0
What is the ten thousands digit of 1669049?
6
What is the hundreds digit of 13884865?
8
What is the tens digit of 101780?
8
What is the thousands digit of 1168?
1
What is the hundreds digit of 1306018?
0
What is the hundred thousands digit of 2396283?
3
What is the tens digit of 266995?
9
What is the ten thousands digit of 2832253?
3
What is the units digit of 48620?
0
What is the hundred thousands digit of 7458243?
4
What is the thousands digit of 2892355?
2
What is the thousands digit of 208949?
8
What is the ten thousands digit of 363234?
6
What is the ten millions digit of 14238745?
1
What is the tens digit of 18895849?
4
What is the units digit of 363669?
9
What is the thousands digit of 472920?
2
What is the hundred thousands digit of 2180123?
1
What is the hundred thousands digit of 418534?
4
What is the tens digit of 211781?
8
What is the hundreds digit of 3996018?
0
What is the ten thousands digit of 63388?
6
What is the tens digit of 526659?
5
What is the hundreds digit of 1419057?
0
What is the hundreds digit of 1944764?
7
What is the tens digit of 2578210?
1
What is the hundreds digit of 2719879?
8
What is the hundred thousands digit of 399474?
3
What is the tens digit of 328144?
4
What is the hundred thousands digit of 5048660?
0
What is the millions digit of 1924122?
1
What is the hundred thousands digit of 27225522?
2
What is the millions digit of 1680839?
1
What is the thousands digit of 6612529?
2
What is the units digit of 20442016?
6
What is the ten thousands digit of 6650467?
5
What is the ten thousands digit of 3858375?
5
What is the millions digit of 20339407?
0
What is the hundred thousands digit of 10272959?
2
What is the thousands digit of 3525942?
5
What is the hundreds digit of 105918?
9
What is the tens digit of 33921?
2
What is the hundreds digit of 8912023?
0
What is the units digit of 5932819?
9
What is the hundreds digit of 936378?
3
What is the ten thousands digit of 245669?
4
What is the units digit of 568512?
2
What is the hundreds digit of 298996?
9
What is the hundreds digit of 91566?
5
What is the units digit of 804339?
9
What is the units digit of 13595537?
7
What is the ten thousands digit of 219061?
1
What is the tens digit of 607381?
8
What is the tens digit of 43531?
3
What is the hundreds digit of 19456?
4
What is the hundred thousands digit of 1349123?
3
What is the tens digit of 1021037?
3
What is the units digit of 1883259?
9
What is the hundred thousands digit of 12282685?
2
What is the hundreds digit of 335543?
5
What is the ten thousands digit of 24694523?
9
What is the thousands digit of 3418018?
8
What is the thousands digit of 163334?
3
What is the thousands digit of 5450544?
0
What is the thousands digit of 569184?
9
What is the millions digit of 2961632?
2
What is the hundred thousands digit of 689085?
6
What is the units digit of 654354?
4
What is the hundreds digit of 9615024?
0
What is the hundreds digit of 7230291?
2
What is the ten thousands digit of 427162?
2
What is the thousands digit of 4284801?
4
What is the thousands digit of 218551?
8
What is the hundred thousands digit of 3832986?
8
What is the ten thousands digit of 2845293?
4
What is the hundred thousands digit of 308020?
3
What is the thousands digit of 4842?
4
What is the thousands digit of 183427?
3
What is the ten thousands digit of 2524971?
2
What is the tens digit of 2042491?
9
What is the hundreds digit of 392604?
6
What is the hundreds digit of 4703473?
4
What is the hundred thousands digit of 11504056?
5
What is the ten thousands digit of 625267?
2
What is the hundreds digit of 165823?
8
What is the ten thousands digit of 375538?
7
What is the tens digit of 379339?
3
What is the thousands digit of 613962?
3
What is the tens digit of 1526514?
1
What is the hundreds digit of 2063831?
8
What is the hundred thousands digit of 893901?
8
What is the millions digit of 1090242?
1
What is the tens digit of 847632?
3
What is the hundreds digit of 1923457?
4
What is the thousands digit of 4502851?
2
What is the thousands digit of 703838?
3
What is the tens digit of 185645?
4
What is the units digit of 1155823?
3
What is the thousands digit of 563848?
3
What is the ten thousands digit of 22433805?
3
What is the units digit of 108034?
4
What is the hundred thousands digit of 176849?
1
What is the tens digit of 462633?
3
What is the ten millions digit of 18775373?
1
What is the tens digit of 224651?
5
What is the hundred thousands digit of 230593?
2
What is the hundred thousands digit of 666122?
6
What is the thousands digit of 14905220?
5
What is the ten thousands digit of 703291?
0
What is the thousands digit of 29649294?
9
What is the units digit of 1689215?
5
What is the tens digit of 12886495?
9
What is the hundreds digit of 12412652?
6
What is the hundreds digit of 1467861?
8
What is the ten thousands digit of 564250?
6
What is the thousands digit of 1277434?
7
What is the ten thousands digit of 647399?
4
What is the hundred thousands digit of 1323920?
3
What is the tens digit of 24061476?
7
What is the hundreds digit of 8535655?
6
What is the tens digit of 3443115?
1
What is the hundreds digit of 93247?
2
What is the ten thousands digit of 58137?
5
What is the thousands digit of 256972?
6
What is the millions digit of 6504064?
6
What is the hundreds digit of 13917?
9
What is the ten millions digit of 15228050?
1
What is the thousands digit of 617956?
7
What is the ten millions digit of 23283219?
2
What is the units digit of 6979151?
1
What is the tens digit of 4042399?
9
What is the ten thousands digit of 988952?
8
What is the millions digit of 6310156?
6
What is the ten thousands digit of 18853411?
5
What is the ten thousands digit of 4089470?
8
What is the tens digit of 1083228?
2
What is the tens digit of 612482?
8
What is the units digit of 3234402?
2
What is the thousands digit of 950418?
0
What is the hundred thousands digit of 121476?
1
What is the tens digit of 3201999?
9
What is the thousands digit of 2380857?
0
What is the hundred thousands digit of 12102464?
1
What is the units digit of 995661?
1
What is the hundreds digit of 88473?
4
What is the hundred thousands digit of 275411?
2
What is the thousands digit of 2924740?
4
What is the hundred thousands digit of 5406067?
4
What is the thousands digit of 226843?
6
What is the ten thousands digit of 34221150?
2
What is the thousands digit of 165510?
5
What is the ten thousands digit of 870951?
7
What is the tens digit of 3800214?
1
What is the units digit of 1622762?
2
What is the hundreds digit of 904723?
7
What is the millions digit of 1707443?
1
What is the units digit of 602131?
1
What is the hundreds digit of 1289698?
6
What is the units digit of 8446?
6
What is the hundred thousands digit of 885323?
8
What is the thousands digit of 5059518?
9
What is the thousands digit of 158281?
8
What is the hundred thousands digit of 648757?
6
What is the ten thousands digit of 12602833?
0
What is the ten thousands digit of 729234?
2
What is the hundred thousands digit of 379651?
3
What is the thousands digit of 1683722?
3
What is the ten thousands digit of 18492389?
9
What is the thousands digit of 18664752?
4
What is the units digit of 3106211?
1
What is the hundred thousands digit of 1349016?
3
What is the ten thousands digit of 6076430?
7
What is the tens digit of 422194?
9
What is the tens digit of 12279137?
3
What is the hundreds digit of 504958?
9
What is the units digit of 3472288?
8
What is the tens digit of 226475?
7
What is the thousands digit of 320967?
0
What is the hundreds digit of 15408257?
2
What is the thousands digit of 71991?
1
What is the hundred thousands digit of 40656